?
5
Let h be (-1)/(((-5)/2)/5). Let q be (((-64)/24)/2)/((-2)/3). What is the units digit of 4 - -57*h/q?
1
Suppose 0 = -y - 3*u + 6514, 13028 = 2*y + 357*u - 360*u. What is the tens digit of y?
1
Let g(h) be the third derivative of 61*h**6/120 - h**4/24 - h**2. Suppose -2*j = 2*x - 5 + 7, -x - 2 = 0. What is the tens digit of g(j)?
6
Suppose -30*a + 536485 = 78*a + 63337. What is the thousands digit of a?
4
Let f = -173470 - -257413. What is the thousands digit of f?
3
Suppose 5*y = -5*g - 3 - 12, -g = 3*y + 9. Let r(s) = s**3 - s**2 - 2*s + 1020. What is the hundreds digit of r(g)?
0
Let c(b) = 4*b**2 - 208*b - 188. Let k be c(53). Let d(v) = 11*v + 109. Let w(y) = 16*y + 164. Let r(t) = -7*d(t) + 5*w(t). What is the units digit of r(k)?
9
Let r = 1257 - -8314. What is the units digit of r?
1
Let s(t) = -574*t - 179. What is the thousands digit of s(-32)?
8
Suppose -8 = -4*i - 0. Suppose 2*y - a = a - 6, -i*y = 2*a - 6. Suppose k = -3*p - y*k + 348, -474 = -4*p + 2*k. What is the hundreds digit of p?
1
Let u(y) = 28428*y**3 - 15*y**2 + 7*y + 9. What is the tens digit of u(1)?
2
Suppose -4*b - 8579 + 53567 = 0. What is the units digit of b?
7
Let v(g) = -29*g**3 - 2*g + 1. Let j be v(1). Let x = j + 28. What is the tens digit of 708/60 + x/(-10)?
1
Let n(p) = -2*p**2 - 7*p**2 - 19 + 7*p + 0 - p**3. Suppose 0 = 44*h - 41*h + 30. What is the tens digit of n(h)?
1
Let c be 7/(-14)*-6 - 3. Suppose 0 = 2*w - c*m + 5*m - 136, 3*w - 170 = m. What is the units digit of w?
8
Let y be 657 - ((-19)/(-4) + (-28)/(-112)). Let s = y - 258. What is the tens digit of s?
9
Let a be (-104)/520 - 6356/(-5). Let k = -8 + a. What is the tens digit of k?
6
Let z = 9849 + -2955. Let w be z/(-4) + 15/10. What is the units digit of w/(-10) + (-17)/85?
2
Let f(s) = s**3 + 6*s**2 - 9*s - 11. Let q be f(-7). Let y be q/9 - 210/9. Let u = y + 131. What is the hundreds digit of u?
1
Let d(v) = -18*v**3 - 27*v**2 + 20*v + 74. What is the thousands digit of d(-12)?
7
Let v = -15 - -16. Let f be (0 - 0)/(-3 + v). Suppose -8*i + 2*i + 234 = f. What is the tens digit of i?
3
Let v = 717 - 711. Suppose -v*j + 3*n = -4*j - 82, 4*j + 5*n - 186 = 0. What is the tens digit of j?
4
Suppose 4*w - 3*w + 5*g = 7, 3*g + 6 = 0. Suppose w*c - 4 = 16*c. What is the tens digit of -20*(1 + -6 + c)?
2
Let i = 127 + -115. Let s(n) = 2*n**2 - 7*n + 3. What is the tens digit of s(i)?
0
Suppose w - 297 = 824. Suppose 2*r + 191 - w = 0. What is the tens digit of r?
6
Let w(r) = -140*r - 6. Let d be w(-3). Suppose 20*i + d = 22*i. Suppose -5*q + 448 = -i. What is the tens digit of q?
3
Let k be 28455/180 - 3/36. Let b be 5*(-3)/12*-64. Let t = k - b. What is the units digit of t?
8
Let a(b) = 2*b**2 - 18*b - 54. Suppose -15*y - 2*y - 153 = 0. What is the units digit of a(y)?
0
Let f(q) = -5*q**3 - 2*q**2 - q + 1. Let g be f(-1). Suppose g*d - 10 = 15. Suppose d*n - 123 = -i + n, -3*i + n + 304 = 0. What is the hundreds digit of i?
1
Suppose -5*n - 15 = -2*r - 0, n + 3 = r. Let i be 8804/(-213)*(-3)/2. Suppose -18*h + 19*h - i = r. What is the tens digit of h?
6
Let g be (-33 - 29618) + -2 + 5/1. What is the units digit of g/(-24) - (-3)/27*-3?
5
Suppose 3*x - 58278 = -5*g, 14*x - 15*x + 1 = 0. What is the units digit of g?
5
Suppose 0*h = -h - 126. Suppose i - 838 = -9*c + 5*c, 0 = 3*c + 5*i - 620. Let t = h + c. What is the tens digit of t?
8
Suppose -84702 + 15620 = -2*h - j, 3*h + 5*j = 103651. What is the hundreds digit of h?
5
Let x(a) = 286*a**3 + a**2 + 17*a - 40. What is the hundreds digit of x(3)?
7
Let b(p) = -101*p - 1746. What is the units digit of b(-44)?
8
Let b(q) = 42*q**2 - 87*q - 57. What is the hundreds digit of b(-10)?
0
Let v(a) = -1039*a - 34. Let u be v(-4). What is the units digit of u/(-12)*(-2)/3?
9
Let k(m) = 21*m**2 + 5*m - 6. Let h be k(-3). Suppose -2*p + q - 6*q + h = 0, -4*p - 5*q + 356 = 0. Suppose 7*o + p = 297. What is the units digit of o?
9
Let v(f) = 3*f**2 - 9*f + 10. Let i be v(5). Suppose -328 + i = 4*a. Let u = -37 - a. What is the tens digit of u?
3
Let x(k) = -5*k**2 + 104*k + 80. Let i be x(21). Let h = -93 - -64. Let o = h + i. What is the units digit of o?
0
Let t(o) = o**3 + 4*o**2 - o + 1. Let f be t(-4). Suppose 0 = 4*j + 3*g - 2*g - 1077, 0 = -5*g + f. What is the units digit of j?
9
Suppose -z + 3679 = 5*u + 757, -3*u + z + 1758 = 0. Suppose 5*q - 585 = -s - 20, q = -s + u. What is the tens digit of s?
9
Let h = 1058 + -366. Let m = 1438 - h. What is the hundreds digit of m?
7
Suppose -73 = -4*d + 5*b, b + 2 + 3 = 0. Suppose d*a + q = 17*a - 315, 5*q + 39 = a. What is the tens digit of a?
6
Let y(z) = -53*z**2 - z + 2. Suppose 0 = 4*h - 10*h + 6. Let g be y(h). Let c = g + 156. What is the tens digit of c?
0
Suppose -195 = -2*y - 67. Suppose 5*g - 4*h = 115, -2*g + 3*h - 6*h = -23. Let z = y - g. What is the tens digit of z?
4
Let t(k) = 9*k - 72. Let l be t(8). Suppose l = 24*x - 35*x + 2651. What is the hundreds digit of x?
2
Suppose -d + 2*n + n + 88 = 0, -3*d - 3*n = -228. Let i = -7 + d. Suppose i = 3*h - h - 2*y, h - 35 = 2*y. What is the units digit of h?
7
Let q = 927 - -5357. What is the units digit of q?
4
Let k(q) = q**3 - 5*q**2 - q + 8. Suppose -132 = -2*l - 2*r, 5*l + 0*r = -2*r + 345. Let p = l + -65. What is the units digit of k(p)?
8
Suppose -239 = -2*v + 619. Suppose -2*q + 4*h + v = 5*h, -2*q + h = -423. What is the tens digit of q?
1
Let b be 1016*((-12)/(-30) + 6/10). Suppose -30*j + b = -16714. What is the tens digit of j?
9
Let z(g) = 19 - 18*g + 18 + 9*g + 5. What is the units digit of z(0)?
2
Let o be 2*((-6305)/(-10) + -1). Suppose 9*z + o = 2*k + 6*z, -1 = z. What is the hundreds digit of k?
6
Suppose -3*r + 419 = 2*f - 4*f, -4*r - 3*f = -570. Suppose -4*u = m - 297, 3*u - 433 = -2*m + r. What is the units digit of m?
1
Suppose -55*f + 204690 + 586480 + 590265 = 0. What is the units digit of f?
7
Let g = -237 - -243. What is the tens digit of ((-284)/g)/(((-15)/(-18))/(-5))?
8
Let l(y) = -190*y**3 + y**2 + 5*y - 3. Let j be l(2). What is the hundreds digit of j/9*-3*(-1)/(-1)?
5
Suppose 0 = 13*q - 10*q - 9. Suppose -48 = -2*w - 5*f, 0 = 3*w - q*f - 38 - 34. What is the hundreds digit of 214/5*-2*(-30)/w?
1
What is the hundreds digit of (5483/(-5) + -1)*(-17955)/1026?
2
What is the tens digit of -87 + 44 + 47 + 53366*1?
7
Suppose -2*j + 2*h + 9628 + 1498 = 0, 0 = 5*j - 2*h - 27815. What is the tens digit of j?
6
Let f(n) = -170*n - 23. Suppose 2*s + 13 - 5 = 0. What is the units digit of f(s)?
7
Suppose 5*n - 20 = -d, 0 = 5*d - 2*n + 7*n - 100. Suppose -4*q - q - 22 = -3*a, 2*q - d = -2*a. What is the units digit of a?
9
Let x(w) = 12*w**2 - 167*w - 125. Let f(g) = 4*g**2 - 55*g - 42. Let o(c) = -8*f(c) + 3*x(c). What is the hundreds digit of o(22)?
5
Let v = -11741 + 17200. What is the tens digit of v?
5
Let s(r) = -31*r**2 - r - 2. Let x be s(-1). Let w = -98 - x. Let v = w + 218. What is the tens digit of v?
5
Let z = 35 - 19. Let a be ((-12)/z)/3 + (-75)/(-12). Suppose a*x - 139 = 227. What is the tens digit of x?
6
Let h(j) = j**3 + 46*j**2 + 97*j - 125. What is the thousands digit of h(-35)?
9
Let s = -6 + 1. Let d be s/(-10)*0/(-2*1). Suppose x - 5*w + 0*w = 127, d = -2*x - 5*w + 179. What is the units digit of x?
2
Suppose -4*u = 2*t - 31422, 2*t - u - 4726 - 26681 = 0. What is the ten thousands digit of t?
1
Let m = 36 - 34. Let l(u) = -10*u**2 - 2*u + 3. Let b be l(m). Let q = 84 + b. What is the tens digit of q?
4
Let n = 368 + -348. Suppose 8342 + 3158 = n*r. What is the units digit of r?
5
What is the hundreds digit of -7*(4324/(-14) + 20)?
0
Suppose 3*t = 4044 - 516. What is the hundreds digit of t?
1
Suppose -5*u - 2*w = -206, 13*w = 3*u + 18*w - 135. What is the tens digit of 908/(-14)*(-140)/u?
2
Let y = -218 - -220. Suppose 10*l - 4592 = y*l. What is the tens digit of l?
7
Let s(c) = -24*c - 175*c - 35 + 47 - 27*c. What is the hundreds digit of s(-2)?
4
Let v(b) be the second derivative of b**4/4 - b**3/3 + 37*b**2/2 - b + 13. What is the tens digit of v(5)?
0
Let p(w) = 19*w - 6*w - 15*w**2 - 11*w - 30 - 8*w - w**3. What is the hundreds digit of p(-16)?
3
Suppose -372565 = -70*a + 158385. What is the tens digit of a?
8
What is the thousands digit of (-1 - ((-1)/1 + -7)) + 5681 + 110?
5
Suppose -4*m